{"version":"1.0","provider_name":"BALATON NEKED","provider_url":"https:\/\/balatonneked.com\/fr","author_name":"-","author_url":"https:\/\/balatonneked.com\/fr\/author\/tamasildiko\/","title":"Marad a Balaton d\u00e9li partj\u00e1n a Strand Fesztiv\u00e1l - BALATON NEKED","type":"rich","width":600,"height":338,"html":"<blockquote class=\"wp-embedded-content\" data-secret=\"44dfkVjT9k\"><a href=\"https:\/\/balatonneked.com\/fr\/2021\/06\/06\/marad-a-balaton-deli-partjan-a-strand-fesztival\/\">Marad a Balaton d\u00e9li partj\u00e1n a Strand Fesztiv\u00e1l<\/a><\/blockquote><iframe sandbox=\"allow-scripts\" security=\"restricted\" src=\"https:\/\/balatonneked.com\/fr\/2021\/06\/06\/marad-a-balaton-deli-partjan-a-strand-fesztival\/embed\/#?secret=44dfkVjT9k\" width=\"600\" height=\"338\" title=\"\u00ab\u00a0Marad a Balaton d\u00e9li partj\u00e1n a Strand Fesztiv\u00e1l\u00a0\u00bb &#8212; BALATON NEKED\" data-secret=\"44dfkVjT9k\" frameborder=\"0\" marginwidth=\"0\" marginheight=\"0\" scrolling=\"no\" class=\"wp-embedded-content\"><\/iframe><script type=\"text\/javascript\">\n\/* <![CDATA[ *\/\n\/*! This file is auto-generated *\/\n!function(d,l){\"use strict\";l.querySelector&&d.addEventListener&&\"undefined\"!=typeof URL&&(d.wp=d.wp||{},d.wp.receiveEmbedMessage||(d.wp.receiveEmbedMessage=function(e){var t=e.data;if((t||t.secret||t.message||t.value)&&!\/[^a-zA-Z0-9]\/.test(t.secret)){for(var s,r,n,a=l.querySelectorAll('iframe[data-secret=\"'+t.secret+'\"]'),o=l.querySelectorAll('blockquote[data-secret=\"'+t.secret+'\"]'),c=new RegExp(\"^https?:$\",\"i\"),i=0;i<o.length;i++)o[i].style.display=\"none\";for(i=0;i<a.length;i++)s=a[i],e.source===s.contentWindow&&(s.removeAttribute(\"style\"),\"height\"===t.message?(1e3<(r=parseInt(t.value,10))?r=1e3:~~r<200&&(r=200),s.height=r):\"link\"===t.message&&(r=new URL(s.getAttribute(\"src\")),n=new URL(t.value),c.test(n.protocol))&&n.host===r.host&&l.activeElement===s&&(d.top.location.href=t.value))}},d.addEventListener(\"message\",d.wp.receiveEmbedMessage,!1),l.addEventListener(\"DOMContentLoaded\",function(){for(var e,t,s=l.querySelectorAll(\"iframe.wp-embedded-content\"),r=0;r<s.length;r++)(t=(e=s[r]).getAttribute(\"data-secret\"))||(t=Math.random().toString(36).substring(2,12),e.src+=\"#?secret=\"+t,e.setAttribute(\"data-secret\",t)),e.contentWindow.postMessage({message:\"ready\",secret:t},\"*\")},!1)))}(window,document);\n\/* ]]> *\/\n<\/script>","thumbnail_url":"https:\/\/balatonneked.com\/wp-content\/uploads\/2021\/06\/strandfesztival.jpg","thumbnail_width":2560,"thumbnail_height":1272,"description":"Balatonvil\u00e1goson rendezik meg a 10 Nap Strand fesztiv\u00e1lt augusztus 18. \u00e9s 22., valamint 25. \u00e9s 29. k\u00f6z\u00f6tt \u2013 k\u00f6z\u00f6lt\u00e9k a szervez\u0151k az MTI-vel &#8211; \u00edrja a 24.hu. A kor\u00e1bbi Strand Fesztiv\u00e1l azut\u00e1n kapott \u00faj nevet \u00e9s helysz\u00ednt, hogy Zam\u00e1rdi \u00f6nkorm\u00e1nyzata \u00fagy d\u00f6nt\u00f6tt, id\u00e9n egyetlen t\u00f6megrendezv\u00e9nynek sem ad helysz\u00ednt \u2013 der\u00fcl ki a k\u00f6zlem\u00e9nyb\u0151l. A kor\u00e1bban [&hellip;]"}

Marad a Balaton déli partján a Strand Fesztivál - BALATON NEKED

<blockquote class="wp-embedded-content" data-secret="44dfkVjT9k"><a href="https://balatonneked.com/fr/2021/06/06/marad-a-balaton-deli-partjan-a-strand-fesztival/">Marad a Balaton déli partján a Strand Fesztivál</a></blockquote><iframe sandbox="allow-scripts" security="restricted" src="https://balatonneked.com/fr/2021/06/06/marad-a-balaton-deli-partjan-a-strand-fesztival/embed/#?secret=44dfkVjT9k" width="600" height="338" title="« Marad a Balaton déli partján a Strand Fesztivál » &#8212; BALATON NEKED" data-secret="44dfkVjT9k" frameborder="0" marginwidth="0" marginheight="0" scrolling="no" class="wp-embedded-content"></iframe><script type="text/javascript">
/* <![CDATA[ */
/*! This file is auto-generated */
!function(d,l){"use strict";l.querySelector&&d.addEventListener&&"undefined"!=typeof URL&&(d.wp=d.wp||{},d.wp.receiveEmbedMessage||(d.wp.receiveEmbedMessage=function(e){var t=e.data;if((t||t.secret||t.message||t.value)&&!/[^a-zA-Z0-9]/.test(t.secret)){for(var s,r,n,a=l.querySelectorAll('iframe[data-secret="'+t.secret+'"]'),o=l.querySelectorAll('blockquote[data-secret="'+t.secret+'"]'),c=new RegExp("^https?:$","i"),i=0;i<o.length;i++)o[i].style.display="none";for(i=0;i<a.length;i++)s=a[i],e.source===s.contentWindow&&(s.removeAttribute("style"),"height"===t.message?(1e3<(r=parseInt(t.value,10))?r=1e3:~~r<200&&(r=200),s.height=r):"link"===t.message&&(r=new URL(s.getAttribute("src")),n=new URL(t.value),c.test(n.protocol))&&n.host===r.host&&l.activeElement===s&&(d.top.location.href=t.value))}},d.addEventListener("message",d.wp.receiveEmbedMessage,!1),l.addEventListener("DOMContentLoaded",function(){for(var e,t,s=l.querySelectorAll("iframe.wp-embedded-content"),r=0;r<s.length;r++)(t=(e=s[r]).getAttribute("data-secret"))||(t=Math.random().toString(36).substring(2,12),e.src+="#?secret="+t,e.setAttribute("data-secret",t)),e.contentWindow.postMessage({message:"ready",secret:t},"*")},!1)))}(window,document);
/* ]]> */
</script>

Balatonvilágoson rendezik meg a 10 Nap Strand fesztivált augusztus 18. és 22., valamint 25. és 29. között – közölték a szervezők az MTI-vel &#8211; írja a 24.hu. A korábbi Strand Fesztivál azután kapott új nevet és helyszínt, hogy Zamárdi önkormányzata úgy döntött, idén egyetlen tömegrendezvénynek sem ad helyszínt – derül ki a közleményből. A korábban [&hellip;]
