{"version":"1.0","provider_name":"BALATON NEKED","provider_url":"https:\/\/balatonneked.com\/fr","author_name":"-","author_url":"https:\/\/balatonneked.com\/fr\/author\/tamasildiko\/","title":"Spirit of Balaton 2019 - BALATON NEKED","type":"rich","width":600,"height":338,"html":"<blockquote class=\"wp-embedded-content\" data-secret=\"gi7e9adA7l\"><a href=\"https:\/\/balatonneked.com\/fr\/2019\/07\/02\/spirit-of-balaton-2019\/\">Spirit of Balaton 2019<\/a><\/blockquote><iframe sandbox=\"allow-scripts\" security=\"restricted\" src=\"https:\/\/balatonneked.com\/fr\/2019\/07\/02\/spirit-of-balaton-2019\/embed\/#?secret=gi7e9adA7l\" width=\"600\" height=\"338\" title=\"\u00ab\u00a0Spirit of Balaton 2019\u00a0\u00bb &#8212; BALATON NEKED\" data-secret=\"gi7e9adA7l\" frameborder=\"0\" marginwidth=\"0\" marginheight=\"0\" scrolling=\"no\" class=\"wp-embedded-content\"><\/iframe><script type=\"text\/javascript\">\n\/* <![CDATA[ *\/\n\/*! This file is auto-generated *\/\n!function(d,l){\"use strict\";l.querySelector&&d.addEventListener&&\"undefined\"!=typeof URL&&(d.wp=d.wp||{},d.wp.receiveEmbedMessage||(d.wp.receiveEmbedMessage=function(e){var t=e.data;if((t||t.secret||t.message||t.value)&&!\/[^a-zA-Z0-9]\/.test(t.secret)){for(var s,r,n,a=l.querySelectorAll('iframe[data-secret=\"'+t.secret+'\"]'),o=l.querySelectorAll('blockquote[data-secret=\"'+t.secret+'\"]'),c=new RegExp(\"^https?:$\",\"i\"),i=0;i<o.length;i++)o[i].style.display=\"none\";for(i=0;i<a.length;i++)s=a[i],e.source===s.contentWindow&&(s.removeAttribute(\"style\"),\"height\"===t.message?(1e3<(r=parseInt(t.value,10))?r=1e3:~~r<200&&(r=200),s.height=r):\"link\"===t.message&&(r=new URL(s.getAttribute(\"src\")),n=new URL(t.value),c.test(n.protocol))&&n.host===r.host&&l.activeElement===s&&(d.top.location.href=t.value))}},d.addEventListener(\"message\",d.wp.receiveEmbedMessage,!1),l.addEventListener(\"DOMContentLoaded\",function(){for(var e,t,s=l.querySelectorAll(\"iframe.wp-embedded-content\"),r=0;r<s.length;r++)(t=(e=s[r]).getAttribute(\"data-secret\"))||(t=Math.random().toString(36).substring(2,12),e.src+=\"#?secret=\"+t,e.setAttribute(\"data-secret\",t)),e.contentWindow.postMessage({message:\"ready\",secret:t},\"*\")},!1)))}(window,document);\n\/* ]]> *\/\n<\/script>","thumbnail_url":"https:\/\/balatonneked.com\/wp-content\/uploads\/2019\/07\/spiritofbalaton-logo-maxi.jpg","thumbnail_width":1653,"thumbnail_height":2338,"description":"A 2019-es Spirit of Balaton id\u0151pontja: 2019. j\u00falius 6. szombat 8:00 \u00f3ra. A\u00a0Spirit of Balaton\u00a0minden \u00e9v j\u00falius\u00e1nak els\u0151 szombatj\u00e1n megrendezett, 24 \u00f3r\u00e1s Balaton k\u00f6r\u00fcli ker\u00e9kp\u00e1ros \u00e9lm\u00e9ny- \u00e9s teljes\u00edtm\u00e9nyt\u00fara, \u00fatvonala Balatonm\u00e1riaf\u00fcrd\u0151 f\u0151ter\u00e9r\u0151l indul az \u00e9szaki part ir\u00e1ny\u00e1ba, majd a t\u00f3 megker\u00fcl\u00e9s\u00e9vel a d\u00e9li parton t\u00e9r vissza kiindul\u00e1si pontj\u00e1ra. A t\u00fara \u00fatvonal\u00e1n a r\u00e9sztvev\u0151ket sz\u00e1mos helyen v\u00e1rja [&hellip;]"}

A 2019-es Spirit of Balaton időpontja: 2019. július 6. szombat 8:00 óra. A Spirit of Balaton minden év júliusának első szombatján megrendezett, 24 órás Balaton körüli kerékpáros élmény- és teljesítménytúra, útvonala Balatonmáriafürdő főteréről indul az északi part irányába, majd a tó megkerülésével a déli parton tér vissza kiindulási pontjára. A túra útvonalán a résztvevőket számos helyen várja [&hellip;]
