{"version":"1.0","provider_name":"BALATON NEKED","provider_url":"https:\/\/balatonneked.com\/fr","author_name":"-","author_url":"https:\/\/balatonneked.com\/fr\/author\/tamasildiko\/","title":"Id\u00e9n is v\u00e1rja a l\u00e1togat\u00f3kat a Balaton Fesztiv\u00e1l - BALATON NEKED","type":"rich","width":600,"height":338,"html":"<blockquote class=\"wp-embedded-content\" data-secret=\"zuZ2kNmMse\"><a href=\"https:\/\/balatonneked.com\/fr\/2019\/06\/27\/iden-is-varja-a-latogatokat-a-balaton-fesztival\/\">Id\u00e9n is v\u00e1rja a l\u00e1togat\u00f3kat a Balaton Fesztiv\u00e1l<\/a><\/blockquote><iframe sandbox=\"allow-scripts\" security=\"restricted\" src=\"https:\/\/balatonneked.com\/fr\/2019\/06\/27\/iden-is-varja-a-latogatokat-a-balaton-fesztival\/embed\/#?secret=zuZ2kNmMse\" width=\"600\" height=\"338\" title=\"\u00ab\u00a0Id\u00e9n is v\u00e1rja a l\u00e1togat\u00f3kat a Balaton Fesztiv\u00e1l\u00a0\u00bb &#8212; BALATON NEKED\" data-secret=\"zuZ2kNmMse\" frameborder=\"0\" marginwidth=\"0\" marginheight=\"0\" scrolling=\"no\" class=\"wp-embedded-content\"><\/iframe><script type=\"text\/javascript\">\n\/* <![CDATA[ *\/\n\/*! This file is auto-generated *\/\n!function(d,l){\"use strict\";l.querySelector&&d.addEventListener&&\"undefined\"!=typeof URL&&(d.wp=d.wp||{},d.wp.receiveEmbedMessage||(d.wp.receiveEmbedMessage=function(e){var t=e.data;if((t||t.secret||t.message||t.value)&&!\/[^a-zA-Z0-9]\/.test(t.secret)){for(var s,r,n,a=l.querySelectorAll('iframe[data-secret=\"'+t.secret+'\"]'),o=l.querySelectorAll('blockquote[data-secret=\"'+t.secret+'\"]'),c=new RegExp(\"^https?:$\",\"i\"),i=0;i<o.length;i++)o[i].style.display=\"none\";for(i=0;i<a.length;i++)s=a[i],e.source===s.contentWindow&&(s.removeAttribute(\"style\"),\"height\"===t.message?(1e3<(r=parseInt(t.value,10))?r=1e3:~~r<200&&(r=200),s.height=r):\"link\"===t.message&&(r=new URL(s.getAttribute(\"src\")),n=new URL(t.value),c.test(n.protocol))&&n.host===r.host&&l.activeElement===s&&(d.top.location.href=t.value))}},d.addEventListener(\"message\",d.wp.receiveEmbedMessage,!1),l.addEventListener(\"DOMContentLoaded\",function(){for(var e,t,s=l.querySelectorAll(\"iframe.wp-embedded-content\"),r=0;r<s.length;r++)(t=(e=s[r]).getAttribute(\"data-secret\"))||(t=Math.random().toString(36).substring(2,12),e.src+=\"#?secret=\"+t,e.setAttribute(\"data-secret\",t)),e.contentWindow.postMessage({message:\"ready\",secret:t},\"*\")},!1)))}(window,document);\n\/* ]]> *\/\n<\/script>","thumbnail_url":"https:\/\/balatonneked.com\/wp-content\/uploads\/2019\/06\/balatonfesztkenese.jpg","thumbnail_width":1200,"thumbnail_height":724,"description":"Harmadik alkalommal v\u00e1rja l\u00e1togat\u00f3it a Balaton Fesztiv\u00e1l j\u00fanius 27. \u00e9s 30. k\u00f6z\u00f6tt. Az ingyenes csal\u00e1di gasztrofesztiv\u00e1l id\u00e9n m\u00e9g nagyobb ter\u00fcleten k\u00edn\u00e1l eg\u00e9sz h\u00e9tv\u00e9g\u00e9s sz\u00f3rakoz\u00e1st minden koroszt\u00e1ly sz\u00e1m\u00e1ra Balatonkenes\u00e9n. A Balaton Fesztiv\u00e1l minden \u00e9vben\u00a0\u00fajat \u00e9s k\u00fcl\u00f6nlegeset ad a r\u00e9sztvev\u0151knek.\u00a0Id\u00e9n a csal\u00e1dok sz\u00f3rakoztat\u00e1s\u00e1ra \u00e9s a napk\u00f6zbeni aktivit\u00e1sokra fektettek nagyobb hangs\u00falyt a szervez\u0151k. A fesztiv\u00e1lteret balatoni \u00e9lm\u00e9nyparkkal, labirintussal [&hellip;]"}

Idén is várja a látogatókat a Balaton Fesztivál - BALATON NEKED

<blockquote class="wp-embedded-content" data-secret="zuZ2kNmMse"><a href="https://balatonneked.com/fr/2019/06/27/iden-is-varja-a-latogatokat-a-balaton-fesztival/">Idén is várja a látogatókat a Balaton Fesztivál</a></blockquote><iframe sandbox="allow-scripts" security="restricted" src="https://balatonneked.com/fr/2019/06/27/iden-is-varja-a-latogatokat-a-balaton-fesztival/embed/#?secret=zuZ2kNmMse" width="600" height="338" title="« Idén is várja a látogatókat a Balaton Fesztivál » &#8212; BALATON NEKED" data-secret="zuZ2kNmMse" frameborder="0" marginwidth="0" marginheight="0" scrolling="no" class="wp-embedded-content"></iframe><script type="text/javascript">
/* <![CDATA[ */
/*! This file is auto-generated */
!function(d,l){"use strict";l.querySelector&&d.addEventListener&&"undefined"!=typeof URL&&(d.wp=d.wp||{},d.wp.receiveEmbedMessage||(d.wp.receiveEmbedMessage=function(e){var t=e.data;if((t||t.secret||t.message||t.value)&&!/[^a-zA-Z0-9]/.test(t.secret)){for(var s,r,n,a=l.querySelectorAll('iframe[data-secret="'+t.secret+'"]'),o=l.querySelectorAll('blockquote[data-secret="'+t.secret+'"]'),c=new RegExp("^https?:$","i"),i=0;i<o.length;i++)o[i].style.display="none";for(i=0;i<a.length;i++)s=a[i],e.source===s.contentWindow&&(s.removeAttribute("style"),"height"===t.message?(1e3<(r=parseInt(t.value,10))?r=1e3:~~r<200&&(r=200),s.height=r):"link"===t.message&&(r=new URL(s.getAttribute("src")),n=new URL(t.value),c.test(n.protocol))&&n.host===r.host&&l.activeElement===s&&(d.top.location.href=t.value))}},d.addEventListener("message",d.wp.receiveEmbedMessage,!1),l.addEventListener("DOMContentLoaded",function(){for(var e,t,s=l.querySelectorAll("iframe.wp-embedded-content"),r=0;r<s.length;r++)(t=(e=s[r]).getAttribute("data-secret"))||(t=Math.random().toString(36).substring(2,12),e.src+="#?secret="+t,e.setAttribute("data-secret",t)),e.contentWindow.postMessage({message:"ready",secret:t},"*")},!1)))}(window,document);
/* ]]> */
</script>

Harmadik alkalommal várja látogatóit a Balaton Fesztivál június 27. és 30. között. Az ingyenes családi gasztrofesztivál idén még nagyobb területen kínál egész hétvégés szórakozást minden korosztály számára Balatonkenesén. A Balaton Fesztivál minden évben újat és különlegeset ad a résztvevőknek. Idén a családok szórakoztatására és a napközbeni aktivitásokra fektettek nagyobb hangsúlyt a szervezők. A fesztiválteret balatoni élményparkkal, labirintussal [&hellip;]
