{"version":"1.0","provider_name":"BALATON NEKED","provider_url":"https:\/\/balatonneked.com\/fr","author_name":"-","author_url":"https:\/\/balatonneked.com\/fr\/author\/tamasildiko\/","title":"\u00dajra lesz b\u00fcf\u00e9kocsi a Balatoni vonatokon - BALATON NEKED","type":"rich","width":600,"height":338,"html":"<blockquote class=\"wp-embedded-content\" data-secret=\"jDyoyWyJ2N\"><a href=\"https:\/\/balatonneked.com\/fr\/2019\/05\/28\/ujra-lesz-bufekocsi-a-balatoni-vonatokon\/\">\u00dajra lesz b\u00fcf\u00e9kocsi a Balatoni vonatokon<\/a><\/blockquote><iframe sandbox=\"allow-scripts\" security=\"restricted\" src=\"https:\/\/balatonneked.com\/fr\/2019\/05\/28\/ujra-lesz-bufekocsi-a-balatoni-vonatokon\/embed\/#?secret=jDyoyWyJ2N\" width=\"600\" height=\"338\" title=\"\u00ab\u00a0\u00dajra lesz b\u00fcf\u00e9kocsi a Balatoni vonatokon\u00a0\u00bb &#8212; BALATON NEKED\" data-secret=\"jDyoyWyJ2N\" frameborder=\"0\" marginwidth=\"0\" marginheight=\"0\" scrolling=\"no\" class=\"wp-embedded-content\"><\/iframe><script type=\"text\/javascript\">\n\/* <![CDATA[ *\/\n\/*! This file is auto-generated *\/\n!function(d,l){\"use strict\";l.querySelector&&d.addEventListener&&\"undefined\"!=typeof URL&&(d.wp=d.wp||{},d.wp.receiveEmbedMessage||(d.wp.receiveEmbedMessage=function(e){var t=e.data;if((t||t.secret||t.message||t.value)&&!\/[^a-zA-Z0-9]\/.test(t.secret)){for(var s,r,n,a=l.querySelectorAll('iframe[data-secret=\"'+t.secret+'\"]'),o=l.querySelectorAll('blockquote[data-secret=\"'+t.secret+'\"]'),c=new RegExp(\"^https?:$\",\"i\"),i=0;i<o.length;i++)o[i].style.display=\"none\";for(i=0;i<a.length;i++)s=a[i],e.source===s.contentWindow&&(s.removeAttribute(\"style\"),\"height\"===t.message?(1e3<(r=parseInt(t.value,10))?r=1e3:~~r<200&&(r=200),s.height=r):\"link\"===t.message&&(r=new URL(s.getAttribute(\"src\")),n=new URL(t.value),c.test(n.protocol))&&n.host===r.host&&l.activeElement===s&&(d.top.location.href=t.value))}},d.addEventListener(\"message\",d.wp.receiveEmbedMessage,!1),l.addEventListener(\"DOMContentLoaded\",function(){for(var e,t,s=l.querySelectorAll(\"iframe.wp-embedded-content\"),r=0;r<s.length;r++)(t=(e=s[r]).getAttribute(\"data-secret\"))||(t=Math.random().toString(36).substring(2,12),e.src+=\"#?secret=\"+t,e.setAttribute(\"data-secret\",t)),e.contentWindow.postMessage({message:\"ready\",secret:t},\"*\")},!1)))}(window,document);\n\/* ]]> *\/\n<\/script>","thumbnail_url":"https:\/\/balatonneked.com\/wp-content\/uploads\/2019\/05\/\u00e9tkez\u0151kocsi-k\u00fcls\u0151.jpg","thumbnail_width":380,"thumbnail_height":253,"description":"N\u00e9h\u00e1nyan m\u00e9g eml\u00e9ksz\u00fcnk arra, hogy milyen volt a zs\u00fafol\u00e1sig teli vonatokon, 50 fokban elverg\u0151dni a b\u00fcf\u00e9kocsiig egy hideg \u00fcd\u00edt\u0151\u00e9rt, s\u00f6r\u00e9rt, vagy r\u00e1ntott h\u00fasos szendvics\u00e9rt. A M\u00c1V-START Zrt. j\u00faniust\u00f3l ism\u00e9t maga \u00fczemelteti a nemzetk\u00f6zi j\u00e1ratokban az \u00e9tkez\u0151kocsikat: a ny\u00e1ri id\u0151szakban a Balaton \u00e9szaki \u00e9s d\u00e9li partj\u00e1ra k\u00f6zleked\u0151 vonatokon is \u00fajra lesz b\u00fcf\u00e9kocsi. A r\u00e9gi b\u00fcf\u00e9kocsikat \u00faj [&hellip;]"}

Újra lesz büfékocsi a Balatoni vonatokon - BALATON NEKED

<blockquote class="wp-embedded-content" data-secret="jDyoyWyJ2N"><a href="https://balatonneked.com/fr/2019/05/28/ujra-lesz-bufekocsi-a-balatoni-vonatokon/">Újra lesz büfékocsi a Balatoni vonatokon</a></blockquote><iframe sandbox="allow-scripts" security="restricted" src="https://balatonneked.com/fr/2019/05/28/ujra-lesz-bufekocsi-a-balatoni-vonatokon/embed/#?secret=jDyoyWyJ2N" width="600" height="338" title="« Újra lesz büfékocsi a Balatoni vonatokon » &#8212; BALATON NEKED" data-secret="jDyoyWyJ2N" frameborder="0" marginwidth="0" marginheight="0" scrolling="no" class="wp-embedded-content"></iframe><script type="text/javascript">
/* <![CDATA[ */
/*! This file is auto-generated */
!function(d,l){"use strict";l.querySelector&&d.addEventListener&&"undefined"!=typeof URL&&(d.wp=d.wp||{},d.wp.receiveEmbedMessage||(d.wp.receiveEmbedMessage=function(e){var t=e.data;if((t||t.secret||t.message||t.value)&&!/[^a-zA-Z0-9]/.test(t.secret)){for(var s,r,n,a=l.querySelectorAll('iframe[data-secret="'+t.secret+'"]'),o=l.querySelectorAll('blockquote[data-secret="'+t.secret+'"]'),c=new RegExp("^https?:$","i"),i=0;i<o.length;i++)o[i].style.display="none";for(i=0;i<a.length;i++)s=a[i],e.source===s.contentWindow&&(s.removeAttribute("style"),"height"===t.message?(1e3<(r=parseInt(t.value,10))?r=1e3:~~r<200&&(r=200),s.height=r):"link"===t.message&&(r=new URL(s.getAttribute("src")),n=new URL(t.value),c.test(n.protocol))&&n.host===r.host&&l.activeElement===s&&(d.top.location.href=t.value))}},d.addEventListener("message",d.wp.receiveEmbedMessage,!1),l.addEventListener("DOMContentLoaded",function(){for(var e,t,s=l.querySelectorAll("iframe.wp-embedded-content"),r=0;r<s.length;r++)(t=(e=s[r]).getAttribute("data-secret"))||(t=Math.random().toString(36).substring(2,12),e.src+="#?secret="+t,e.setAttribute("data-secret",t)),e.contentWindow.postMessage({message:"ready",secret:t},"*")},!1)))}(window,document);
/* ]]> */
</script>

https://balatonneked.com/wp-content/uploads/2019/05/étkezőkocsi-külső.jpg

Néhányan még emlékszünk arra, hogy milyen volt a zsúfolásig teli vonatokon, 50 fokban elvergődni a büfékocsiig egy hideg üdítőért, sörért, vagy rántott húsos szendvicsért. A MÁV-START Zrt. júniustól ismét maga üzemelteti a nemzetközi járatokban az étkezőkocsikat: a nyári időszakban a Balaton északi és déli partjára közlekedő vonatokon is újra lesz büfékocsi. A régi büfékocsikat új [&hellip;]
