{"version":"1.0","provider_name":"BALATON NEKED","provider_url":"https:\/\/balatonneked.com\/en","author_name":"-","author_url":"https:\/\/balatonneked.com\/en\/author\/tamasildiko\/","title":"S\u0171r\u00edti balatoni j\u00e1ratait a M\u00c1V - BALATON NEKED","type":"rich","width":600,"height":338,"html":"<blockquote class=\"wp-embedded-content\" data-secret=\"Qupzw4OshZ\"><a href=\"https:\/\/balatonneked.com\/en\/2021\/05\/17\/suriti-balatoni-jaratait-a-mav\/\">S\u0171r\u00edti balatoni j\u00e1ratait a M\u00c1V<\/a><\/blockquote><iframe sandbox=\"allow-scripts\" security=\"restricted\" src=\"https:\/\/balatonneked.com\/en\/2021\/05\/17\/suriti-balatoni-jaratait-a-mav\/embed\/#?secret=Qupzw4OshZ\" width=\"600\" height=\"338\" title=\"&#8220;S\u0171r\u00edti balatoni j\u00e1ratait a M\u00c1V&#8221; &#8212; BALATON NEKED\" data-secret=\"Qupzw4OshZ\" frameborder=\"0\" marginwidth=\"0\" marginheight=\"0\" scrolling=\"no\" class=\"wp-embedded-content\"><\/iframe><script type=\"text\/javascript\">\n\/* <![CDATA[ *\/\n\/*! This file is auto-generated *\/\n!function(d,l){\"use strict\";l.querySelector&&d.addEventListener&&\"undefined\"!=typeof URL&&(d.wp=d.wp||{},d.wp.receiveEmbedMessage||(d.wp.receiveEmbedMessage=function(e){var t=e.data;if((t||t.secret||t.message||t.value)&&!\/[^a-zA-Z0-9]\/.test(t.secret)){for(var s,r,n,a=l.querySelectorAll('iframe[data-secret=\"'+t.secret+'\"]'),o=l.querySelectorAll('blockquote[data-secret=\"'+t.secret+'\"]'),c=new RegExp(\"^https?:$\",\"i\"),i=0;i<o.length;i++)o[i].style.display=\"none\";for(i=0;i<a.length;i++)s=a[i],e.source===s.contentWindow&&(s.removeAttribute(\"style\"),\"height\"===t.message?(1e3<(r=parseInt(t.value,10))?r=1e3:~~r<200&&(r=200),s.height=r):\"link\"===t.message&&(r=new URL(s.getAttribute(\"src\")),n=new URL(t.value),c.test(n.protocol))&&n.host===r.host&&l.activeElement===s&&(d.top.location.href=t.value))}},d.addEventListener(\"message\",d.wp.receiveEmbedMessage,!1),l.addEventListener(\"DOMContentLoaded\",function(){for(var e,t,s=l.querySelectorAll(\"iframe.wp-embedded-content\"),r=0;r<s.length;r++)(t=(e=s[r]).getAttribute(\"data-secret\"))||(t=Math.random().toString(36).substring(2,12),e.src+=\"#?secret=\"+t,e.setAttribute(\"data-secret\",t)),e.contentWindow.postMessage({message:\"ready\",secret:t},\"*\")},!1)))}(window,document);\n\/* ]]> *\/\n<\/script>","thumbnail_url":"https:\/\/balatonneked.com\/wp-content\/uploads\/2021\/05\/tamara-bitter-BYelNdCLmx0-unsplash-scaled.jpg","thumbnail_width":2560,"thumbnail_height":1707,"description":"A M\u00c1V-Start m\u00e1r nemcsak a vak\u00e1ci\u00f3 idej\u00e9n, hanem el\u0151tte egy h\u00f3nappal s\u0171r\u00edti a Balaton partj\u00e1ra tart\u00f3 j\u00e1ratokat &#8211; irja az index.hu. M\u00e1t\u00f3l a ny\u00e1ri menetrend kezdet\u00e9ig, j\u00fanius 19-ig el\u0151szezoni menetrend szerint k\u00f6zlekednek a vonatok Budapest \u00e9s a Balaton k\u00f6z\u00f6tt. Az el\u0151szezonban a Si\u00f3fok \u00e9s Balatonm\u00e1riaf\u00fcrd\u0151 k\u00f6rny\u00e9ki \u00fcd\u00fcl\u0151\u00f6vezetek kisebb forgalm\u00fa meg\u00e1ll\u00f3iban is s\u0171r\u0171bben \u00e1llnak meg a [&hellip;]"}

Sűríti balatoni járatait a MÁV - BALATON NEKED

<blockquote class="wp-embedded-content" data-secret="Qupzw4OshZ"><a href="https://balatonneked.com/en/2021/05/17/suriti-balatoni-jaratait-a-mav/">Sűríti balatoni járatait a MÁV</a></blockquote><iframe sandbox="allow-scripts" security="restricted" src="https://balatonneked.com/en/2021/05/17/suriti-balatoni-jaratait-a-mav/embed/#?secret=Qupzw4OshZ" width="600" height="338" title="&#8220;Sűríti balatoni járatait a MÁV&#8221; &#8212; BALATON NEKED" data-secret="Qupzw4OshZ" frameborder="0" marginwidth="0" marginheight="0" scrolling="no" class="wp-embedded-content"></iframe><script type="text/javascript">
/* <![CDATA[ */
/*! This file is auto-generated */
!function(d,l){"use strict";l.querySelector&&d.addEventListener&&"undefined"!=typeof URL&&(d.wp=d.wp||{},d.wp.receiveEmbedMessage||(d.wp.receiveEmbedMessage=function(e){var t=e.data;if((t||t.secret||t.message||t.value)&&!/[^a-zA-Z0-9]/.test(t.secret)){for(var s,r,n,a=l.querySelectorAll('iframe[data-secret="'+t.secret+'"]'),o=l.querySelectorAll('blockquote[data-secret="'+t.secret+'"]'),c=new RegExp("^https?:$","i"),i=0;i<o.length;i++)o[i].style.display="none";for(i=0;i<a.length;i++)s=a[i],e.source===s.contentWindow&&(s.removeAttribute("style"),"height"===t.message?(1e3<(r=parseInt(t.value,10))?r=1e3:~~r<200&&(r=200),s.height=r):"link"===t.message&&(r=new URL(s.getAttribute("src")),n=new URL(t.value),c.test(n.protocol))&&n.host===r.host&&l.activeElement===s&&(d.top.location.href=t.value))}},d.addEventListener("message",d.wp.receiveEmbedMessage,!1),l.addEventListener("DOMContentLoaded",function(){for(var e,t,s=l.querySelectorAll("iframe.wp-embedded-content"),r=0;r<s.length;r++)(t=(e=s[r]).getAttribute("data-secret"))||(t=Math.random().toString(36).substring(2,12),e.src+="#?secret="+t,e.setAttribute("data-secret",t)),e.contentWindow.postMessage({message:"ready",secret:t},"*")},!1)))}(window,document);
/* ]]> */
</script>

A MÁV-Start már nemcsak a vakáció idején, hanem előtte egy hónappal sűríti a Balaton partjára tartó járatokat &#8211; irja az index.hu. Mától a nyári menetrend kezdetéig, június 19-ig előszezoni menetrend szerint közlekednek a vonatok Budapest és a Balaton között. Az előszezonban a Siófok és Balatonmáriafürdő környéki üdülőövezetek kisebb forgalmú megállóiban is sűrűbben állnak meg a [&hellip;]
